). Let u(b) = n*t(b) - 13*r(b). What is the units digit of u(2)?
9
Let o be 14/4*(-1 - 1). Let s be 18/10 + (-10)/(-50). Let p = s - o. What is the units digit of p?
9
Suppose -6 - 72 = -3*y. Suppose -5*z - y = -6*z. What is the units digit of z?
6
Let s(v) = -2 + 6 - v**2 - 7*v + 5. What is the units digit of s(-8)?
1
Suppose 0*g = 6*g - 588. What is the tens digit of g?
9
What is the tens digit of (-213)/(-7) + 6/(-14)?
3
Suppose 3*d = -d - 3*t + 657, 0 = -5*d - 2*t + 830. What is the hundreds digit of d?
1
What is the hundreds digit of -80*(6/20)/((-2)/15)?
1
Suppose -4*n + 3*n + 1 = -a, -5*a + 13 = 4*n. Suppose 48 = 2*j + p + 14, 0 = -j + n*p + 22. What is the tens digit of j?
1
Let s = -12 + 33. Let y = s + -3. Let t = y - 9. What is the units digit of t?
9
Let v be ((-4)/(-6))/((-1)/(-6)). Let a = 5 + v. What is the units digit of a?
9
Let z be 2*((-154)/(-4))/7. Suppose 5*h - 29 = z. What is the units digit of h?
8
Let a(q) = 3*q**2 + 3*q - 3. Let v be a(2). Let x = 30 - v. What is the units digit of 1/3 + 130/x?
9
What is the tens digit of 2/7 - 318/(-14)?
2
Let b(f) = 4*f**2 - 2 - 3*f**2 - f + 0*f**2. Let r be b(-2). What is the units digit of r/(-14) - (-260)/28?
9
What is the units digit of 3/2*828/27?
6
What is the tens digit of (-1160)/(-60) + 10/6 + -1?
2
Let x(d) = 8*d**2 - d. What is the units digit of x(2)?
0
Let d(v) = 2*v**3 - v + 1. What is the units digit of d(3)?
2
Let a be ((-4)/(-6))/(5/(-45)). Let m(f) = f**2 + 4*f - 3. Let q be m(a). Let i = q + -4. What is the units digit of i?
5
Let l(q) = q**3 - 8*q**2 + 7*q + 4. Let c be l(7). Suppose -2*p - 2*r + 34 = 0, 8*p - 2*r - 56 = c*p. What is the units digit of p?
5
Let z(f) = f**3 - 3*f**2 - 2*f. Let m be z(4). Suppose 3*w - m*w + 60 = 0. What is the units digit of w?
2
What is the tens digit of (-4)/(-8)*-2*-34?
3
Let n be (-8)/12 + 95/3. Let f = n + -16. What is the tens digit of f?
1
Let z(b) = b + 2. Let u be z(8). Let d = u + -4. What is the units digit of -1 + (d - 2) + 0?
3
Let d(v) = 3*v - 24 + 5*v + 23. What is the units digit of d(1)?
7
Suppose 4*f = -0*f + 4. Let l(h) = 3 - f + 6*h - 2 - h**2. What is the units digit of l(4)?
8
Suppose 4*r = 2*g + 2, 0 = 5*g - 0*r - 5*r - 10. What is the units digit of g?
5
Let q(m) = m**3 - 15*m**2 + 3*m - 14. Let p be q(15). Suppose 2*y + p = 3*y. What is the units digit of y?
1
Let p(l) be the third derivative of -l**6/120 + l**5/60 + 4*l**3/3 - l**2. Let b be p(0). Let f(m) = m**3 - 7*m**2 - 9*m + 11. What is the units digit of f(b)?
3
Let z be 1/((-31)/(-16) + -2). Let w = z - -25. What is the units digit of w/6 - (-2)/4?
2
Let d be (-260)/22 - (-6)/(-33). Let h = -10 - d. What is the units digit of h?
2
Let x = 16 + 16. What is the units digit of x?
2
Suppose -p - 6*p = -658. What is the units digit of p?
4
What is the units digit of ((-6)/(-9))/((-3)/(-117))?
6
Suppose -2*b - 5*y - 10 = -0*y, -2*b + 5*y = -10. Suppose b = 5*s - d + 3*d + 11, -3*s + 2*d - 13 = 0. What is the units digit of s + 12/3 - -8?
9
Let c be (3/(-1))/(3/(-2)). Suppose -2*s + 3*o + 3 = c*o, 2*s + o - 9 = 0. Suppose 3*p - 6 = -t + p, -s*t + 2*p = -50. What is the units digit of t?
4
Let w(g) = g**2 + 8*g + 7. Let m be w(-6). Let l = 5 + m. Suppose -t - 2 + 8 = l. What is the units digit of t?
6
Let o be 2/(-9) - (-100)/45. Suppose 2 = 2*i - o, 5*g = 2*i + 21. Suppose 3*c = g + 16. What is the units digit of c?
7
Suppose -3*w = -3*p + 2*p - 241, -332 = -4*w - 4*p. What is the tens digit of w?
8
Suppose n = 2*n + 4. Let q be (42/9)/(n/(-6)). Let h = 1 + q. What is the units digit of h?
8
Let v = -16 + -16. Let i = 23 - v. What is the tens digit of i?
5
Suppose 0 = 2*o + 5*a - 17, 95 = 5*o + a + 18. Suppose -2*m + o = 3*z, -z + 3*m - 26 = -6*z. What is the units digit of z?
4
Let i be 0 + 2 + (-2 - 0). Suppose m = -i*m + 3. What is the units digit of m?
3
Let v = 21 - 10. Suppose v + 1 = -z. Let a = -5 - z. What is the units digit of a?
7
Suppose 4*w + 4*n = -16, 3*n + 13 = -2*w - 0*n. What is the units digit of 16 - 1/(w/3)?
3
Suppose -7 = 2*m - 2*p - 91, -3*m + p + 124 = 0. Let b = -24 + m. What is the units digit of b?
7
Suppose -2*k = -5*w - 6*k + 12, -2*k = -5*w + 24. Let t(i) = i**3 - 2*i**2 - 6*i + 5. What is the tens digit of t(w)?
1
Let f(u) = 2*u**2 - 7*u - 2. Let p be f(6). Suppose -i + 9 = -p. What is the units digit of i?
7
Suppose 6 = 2*g, 4*h = -2*g + 5*g - 9. Suppose 39 = 3*n - h. What is the tens digit of n?
1
Suppose k + 10 = 3*k. Suppose -60 = -4*n - 0*i - i, 4*i + 54 = k*n. What is the units digit of n?
4
Let i(t) = t**2 - 3*t - 2. Let j be i(2). Let c(p) be the third derivative of -p**6/120 - p**5/15 + p**3/2 + 2*p**2. What is the units digit of c(j)?
3
Suppose 5*f - 53 = -3. Suppose 10*o = 11*o - 3. Suppose k + o = -2*v, -2*k = -3*v - 19 - f. What is the units digit of k?
7
Suppose -2*s = -4*s. Suppose -2*n + n + 19 = s. What is the tens digit of n?
1
Let t(n) = 7*n**3 + 2*n**2 + 11*n - 6*n**3 - 12*n**2. What is the units digit of t(9)?
8
Let a(r) = -3*r**2 + r - 1. Let h(c) = -c**3 + 5*c**2 - 3*c - 3. Let l be h(4). Let q be a(l). What is the units digit of q/2*(-5 - 3)?
2
Suppose -2*l = 5*v + 16, 2*v + 4 = -4. Suppose 0*g + 65 = l*g - 3*a, -g - a + 20 = 0. Suppose 5*d + r - 4*r = g, d - 5 = 2*r. What is the units digit of d?
5
Let g(j) = -j + 12. Let x = -21 - -32. What is the units digit of g(x)?
1
What is the units digit of (-9)/((-36)/8)*12?
4
Suppose 4*b = -0*b + 16. Suppose -b*w = w - 25. What is the units digit of w?
5
Suppose 0 = c - 2*l - 36 - 134, -5*l = 20. What is the units digit of c?
2
Let i = -16 - -6. Let w = -4 - i. Let v = w + 0. What is the units digit of v?
6
Suppose 45 + 535 = 4*s. What is the tens digit of s?
4
Let g(u) = u**3 + u**2 - 2*u + 1. Let q = -6 - -4. Let o be g(q). Suppose m - 9 = -t, -m = o - 6. What is the units digit of t?
4
Let x(o) = -o**3 + 2*o**2 + 3*o + 1. Let s = 3 - 0. What is the units digit of x(s)?
1
What is the units digit of -3 + (-1)/4 + (-1746)/(-8)?
5
Suppose l = -z + 15, -75 = -5*l + 4*z - z. What is the tens digit of (-118)/(-10) + 3/l?
1
Let y be ((-6)/4)/(18/(-24)). Let n be ((-38)/(-2))/(2/y). Suppose n - 4 = 3*b. What is the units digit of b?
5
Suppose 0*b + 78 = 3*b. What is the tens digit of b?
2
Let g be ((-42)/(-28))/(6/8). Suppose 32 = 5*a + 4*n, 2 = -a + g*n - 0. What is the units digit of a?
4
Let u = 7 + -10. Let x be -6*(u + (2 - 1)). Suppose -2*z + 5*z = x. What is the units digit of z?
4
Let b = -12 + 18. Let j(t) = t**2 - 3*t - 6. What is the tens digit of j(b)?
1
Let l(j) = j**3 - 4*j**2 + 3*j - 1. Suppose 3*m - 4*m = -2. Suppose -3*d + 4 = -m*d. What is the units digit of l(d)?
1
Suppose g - 2*g = -5*b + 5, 0 = 4*g. Let o(x) = x**3 - x**2 + x. What is the units digit of o(b)?
1
Let s(w) = w - 1. Let j be s(-6). Suppose 0 = 2*a - 3*a - 12. Let h = j - a. What is the units digit of h?
5
Let n(k) = k**3 - 9*k**2 + 9*k + 9. Let t be (21/(-6))/((-3)/6). Suppose -3*f - 32 = -t*f. What is the tens digit of n(f)?
1
Let q(y) = -2*y**2 - 4*y + 2. Suppose -16 = 3*z - 4. Let k be q(z). What is the units digit of 4/k + 74/14?
5
What is the units digit of 1*(5 - (4 + -1))?
2
Let s(v) = 17*v**2 - v - 7. What is the units digit of s(-2)?
3
Let b(i) = -8*i**2 - 5*i - 5. Let n be b(-4). Let f = -73 - n. What is the tens digit of f?
4
Let q = 3 + -1. Suppose -q*a - 1 = 5*h, -a + h - 35 = 3*a. Let j = a + 19. What is the units digit of j?
1
Suppose -2 = -5*p + 3, 3*p = -3*u + 3. Suppose -15 = -2*n + x - u*x, n = 3*x. What is the units digit of n?
9
Let u = 134 + -78. What is the tens digit of u?
5
Let q(y) = 2*y**2 + 6*y - 8. What is the units digit of q(-7)?
8
Let i(p) be the second derivative of -p**4/6 - p**3/2 - p**2/2 + p. Let h(c) = -c**2 - 2*c - 1. Let z(y) = 7*h(y) - 3*i(y). What is the units digit of z(-3)?
2
Suppose -297 = -3*d + 3*z, 0*d + 4*d - 396 = -3*z. What is the tens digit of d?
9
Let h = 1 + -9. Let n = -4 - h. What is the units digit of n?
4
Suppose 4*f - 3*x + 142 = -49, -4*x + 240 = -5*f. What is the tens digit of 1*(1 - f/2)?
2
Suppose 0 = -r + 2. Let x = 1 + 1. Let a = r + x. What is the units digit of a?
4
Let z(h) = 15*h. Let u be z(1). Suppose w = u + 1. Suppose r + 7 = w. What is the units digit of r?
9
Let o be -2*(-2 + 13/2). Let j(m) = m**3 + 8